-2 - (-25 - -19).
-6
-4 + (-7 - -5) - -5
-1
What is 6 + -5 + (-7 - 0)?
-6
What is 9 + (0 + -5 - -10) + -6?
8
What is the value of 2 - (6 - 5) - -2?
3
What is 0 - (57 + -48 - (0 + 1))?
-8
What is the value of (-12 - -10) + 0 + -2 - -1?
-3
What is the value of -6 - ((9 - 15) + 0)?
0
What is the value of (4 - -5) + 1 + -16?
-6
(0 - (1 + 8)) + 6
-3
What is 25 + -28 + 4 + 0?
1
Evaluate 1 + (5 - 8) + 1 + 1.
0
Calculate -1 - (1 + 7 + -3).
-6
What is the value of -3 + -1 - -7 - -4?
7
Calculate -9 - 2 - -5 - -1.
-5
1 + -2 + 0 - (1 + -1)
-1
Calculate 5 + 0 + 7 + -8.
4
1 - ((-8 - -5 - 0) + -3)
7
What is the value of 0 - (4 + 3 + 6 + -12)?
-1
Calculate 6 + -4 - -5 - 2.
5
0 - -11 - (2 + -7 + 8)
8
What is -8 + 9 + 7 + -1?
7
What is -7 - (-1 + -4 + (-4 - -4))?
-2
Calculate 1 - (3 + -3 + 2).
-1
Calculate -4 - (0 + 5 + -2 - 3).
-4
Evaluate (-1 - 0 - 1) + (-39 - -44).
3
What is the value of 1 - (-2 + (-1 - -3))?
1
Calculate 2 + -1 + (3 - 7) + 1.
-2
-5 + (8 + -3 - -2)
2
Evaluate 12 - 9 - (1 - -2).
0
(7 - ((-1 - -2) + -1)) + -3
4
What is the value of (-15 - -2 - -7) + 6?
0
Evaluate 7 - (4 + 0 + 4).
-1
Calculate (7 - (8 + -1)) + 5.
5
Evaluate -7 + 5 + -2 + 9 + -8.
-3
Calculate -2 + 2 - -1 - (16 + -16).
1
Calculate 8 - (-7 + 24) - (-4 - 0).
-5
What is 1 - ((-3 - -5) + 0 + 1)?
-2
Evaluate -1 - 2 - (-10 - 0 - -5).
2
What is the value of 1 - 1 - (-7 + -1 - -5)?
3
7 - 4 - (3 + 2)
-2
What is (7 + -9 - -10) + -8?
0
7 - 0 - (-197 - -198)
6
Evaluate -13 - (3 - (10 + -1)).
-7
Calculate -2 + (-3 - 1) + 3.
-3
What is the value of -6 - (2 + -6 + 2)?
-4
Evaluate -4 + 0 - (-1 + -2).
-1
Evaluate 4 + (-9 - (-4 - -4)).
-5
What is the value of 1 - (-11 - (-11 - 1))?
0
What is the value of (2 - (-5 - (-1 + -4))) + -4?
-2
Calculate (3 - 1) + 2 - (11 - 6).
-1
What is 0 + (3 - 3) - 1 - 1?
-2
Calculate 8 + -3 + -4 + 1.
2
Calculate -7 + 15 + (9 - 13).
4
What is 1 - 2 - 7 - -5?
-3
-1 + (3 - -3) + 2
7
1 - -2 - (-12 + 14) - 5
-4
Calculate -4 + 11 + -5 + 6.
8
What is the value of 5 - (1 - -11 - 3)?
-4
Evaluate 1 - (17 - 24 - (0 - 5)).
3
Evaluate 1 + -4 + (4 - (5 - 0)).
-4
What is the value of 2 + 4 + (42 - 49)?
-1
What is -4 + (4 - -2 - (-9 + 6))?
5
Calculate 4 - 6 - 7 - (2 - 7).
-4
What is the value of -4 - (1 + 1) - -5?
-1
-9 + (5 - (-1 + (2 - 0)))
-5
Calculate -16 + 14 - (-6 - (-1 - 2)).
1
What is 4 + -4 + 4 + 2 - 4?
2
Calculate -4 + 3 - 5 - -7.
1
3 - ((-1 - (4 - 8)) + -5)
5
Evaluate 11 + -7 + (5 - 9 - -5).
5
(-8 - -5 - (0 + 5)) + 3
-5
Evaluate (-4 - 2) + (5 - 4).
-5
What is 4 + -1 + -4 - -4 - 0?
3
(-3 - -7) + -4 - (4 + -3)
-1
(-3 - (1 + -4)) + -1 + -2
-3
Calculate 45 + -39 + -7 + 1.
0
26 + -29 + 1 + -2
-4
-8 + 15 - (-1 - -1)
7
Calculate -1 + 1 + -3 + 2.
-1
6 + 8 + -12 + 2
4
-7 - (-6 + 6 - 5 - 4)
2
Evaluate -1 - -1 - -4 - (-21 + 17).
8
Evaluate (6 - 5) + (2 - 5).
-2
Evaluate 7 + -18 + 5 + 7.
1
What is the value of -3 + (2 - 5) + (-2 - -1)?
-7
Calculate (-5 - -5) + (19 - 14).
5
Evaluate 2 + 6 - (26 - (11 + 0)).
-7
What is 1 + -9 + 13 + -9 + -1?
-5
What is the value of -4 + (-7 - -4) + 4?
-3
2 + (0 + 1 - 0)
3
What is 2 + (4 - 3 - 4)?
-1
What is the value of ((7 - 4) + -1 - 4) + 3?
1
Calculate 4 + 3 + -5 - (-7 - -3).
6
What is 4 + -3 + 5 + -31 + 19?
-6
What is the value of 4 + 0 + -7 + (2 - 4)?
-5
What is -4 + 2 + -3 + 1 + -1?
-5
Calculate (-7 - -2 - 1) + 0 + 14.
8
What is -9 + 8 - -1 - -4?
4
Calculate (-11 - -5 - -1) + 3 + -6.
-8
What is the value of (0 - -1) + 2 + (-2 - 4)?
-3
What is 4 + 4 - (6 - 3)?
5
5 - (5 + (1 + -8 - -4))
3
What is the value of (0 - (-2 - -5)) + -32 + 33?
-2
What is the value of 0 - (1 + 3 + -5 - 4)?
5
-2 - (-5 - 0) - 7
-4
-6 + -1 + 2 + 1
-4
What is the value of (-9 + -5 - -8) + 2?
-4
3 - (5 + -1 + -2)
1
What is (-2 - (-5 + (-2 - 1))) + -2?
4
What is -3 + (10 - -1) + -1?
7
Evaluate -2 + (6 - 5) - 1.
-2
Calculate -1 + (-6 + 13 - (-1 - -4)).
3
Calculate 3 - (-1 - -3 - -3).
-2
What is the value of -2 + 8 + -18 + (6 - -3)?
-3
Evaluate 1 + -1 + 4 + -3 + 3.
4
Evaluate 1 + -2 + 9 - (0 + 3).
5
What is the value of (0 - (0 - 2)) + 1 + 4?
7
What is (-9 + -4 - -21) + -4?
4
What is -2 + 3 + 8 + -6?
3
5 - ((-2 + -4 - -6) + -3)
8
(-52 - -46) + 2 + (11 - 2)
5
What is the value of (3 - 0) + 2 - (-2 - -2)?
5
Evaluate (41 - 31) + 0 + -4 + -1.
5
Evaluate (0 - -1) + 0 + 17 + -15.
3
Evaluate -4 + (15 - (16 + -11)).
6
Evaluate (0 - -2) + -6 + -8 + 15.
3
What is -12 - (2 - 3 - 5)?
-6
-1 - (2 + -1 - (2 + -1))
-1
What is 2 + 6 + -6 + 7?
9
Calculate (3 - 4) + -4 + 2.
-3
Calculate -4 + -2 + (7 - (-1 - -8)).
-6
Calculate (-11 + -10 - -7) + 7.
-7
What is -10 + 9 + 9 + -7?
1
What is 5 - (-5 + 10 + -4 + 5)?
-1
What is the value of 11 + -1 - (6 + -3) - 4?
3
Evaluate 4 + 4 + (3 - 14).
-3
What is (31 - 30) + (-4 - 1)?
-4
Calculate (-1 + 6 - 14) + 3.
-6
Evaluate 2 - (7 + 2 - 1).
-6
Evaluate (-6 + 1 - (21 - 28)) + -2.
0
Evaluate 5 + (0 - (1 - 2)) - 13.
-7
What is the value of 0 - (-4 - (7 + -10))?
1
What is 0 + 1 + 3 - 0?
4
What is the value of -6 + (-2 - 1 - (-3 - 1))?
-5
Evaluate 6 - (2 + 3 + -3).
4
Evaluate (60 - 64) + (4 - (2 - 3)).
1
Calculate -6 - (3 - -4 - 10).
-3
-3 + (-5 - (-2 - 0) - 0)
-6
Calculate 17 - 3 - (19 + -10).
5
-15 + 7 + 3 + 3
-2
What is the value of -5 - (0 + (3 + -3 - 0))?
-5
Calculate (8 - 5 - -4) + -11.
-4
What is the value of (0 - 4) + 3 - -2?
1
What is the value of 2 + 3 + -5 + 0?
0
Evaluate 3 - -9 - (27 + -17).
2
What is -3 - (5 - 3 - 6)?
1
Evaluate 6 - (-6 + (19 - (2 + 3))).
-2
Evaluate -5 + 15 + 1 + -8 + 2.
5
What is -3 + (-5 - (4 + -10)) - 2?
-4
Evaluate 1 - (5 + 4 - (-3 + 6)).
-5
-15 + 24 - (3 + -3)
9
What is 1 + -3 - -1 - -9 - 5?
3
What is the value of (3 - 5) + (-1 - 1)?
-4
What is the value of (1 - -2 - 6) + -2?
-5
Calculate 2 + -8 - (4 + -2 + -5).
-3
What is -1 + (4 - (3 + 0)) + 0?
0
-2 - (23 - 4) - -14
-7
What is the value of -3 + -4 + (15 - 9)?
-1
What is -4 + 4 - (2 + 1)?
-3
0 + (-6 - 0) + 1
-5
Evaluate -39 - -42 - (-3 - 2).
8
What is 2 - (-11 - -7) - (-1 + 10)?
-3
What is -4 - 2 - -4 - 3?
-5
What is the value of 0 + (1 - -11) - (1 - -5)?
6
What is the value of -12 + -7 + 11 - -6?
-2
-1 + (0 + 12 - 8)
3
What is the value of -5 + (0 - 4 - (23 - 32))?
0
Evaluate 8 + (2 - 5) + (-4 - 3).
-2
What is -20 + 19 + -10 + 3?
-8
What is the value of -5 + -1 + (-2 - -10)?
2
What is the value of -1 - (0 + -2 + 2 - -3)?
-4
Calculate (17 - 5) + -9 - -2.
5
What is the value of 6 + -3 + (-9 + -1 - -2)?
-5
Calculate 8 + -5 + (-4 - 1).
-2
-6 + 1 + 2 + 4
1
Calculate 1 + -5 + (-3 - -2) + 4.
-1
6 + -1 - (-248 + 260)
-7
What is the value of -1 + -1 + (-2 + -1 - 1)?
-6
What is (6 - 6) + 2 + 2?
4
Calculate (-2 - 6) + 10 + -5.
-3
Calculate -10 - (-9 + -7 + 9).
-3
Calculate 11 - (-8 + 4 + 7).
8
What is 1 - (9 + -9 + 4)?
-3
What is the value of 43 + -40 + (2 + -2 - -3)?
6
Evaluate 0 - -3 - (-18 + 19) - 5.
-3
8 + -1 - (47 + -38)
-2
What is -4 + -2 - (2 + -3 + -2)?
-3
4 - (2 - -14 - 8)
-4
(0 - (0 - -4)) + 5
1
4 - (-3 + 2) - 1 - 2
2
Calculate -10 - -5 - (0 + -4).
-1
Calculate -27 - (7 - 21) - -3.
-10
Calculate 1 - (2 + -2 + 6 + -3).
-2
What is the value of 0 - 8 - (-44 + 40)?
-4
Calculate 2 + 2 + -3 + 3 - 5.
-1
Evaluate -7 + (-4 - -3) - -5.
-3
What is the value of (4 + -2 - (0 - 4)) + -7?
-1
What is the value of -17 + 18 - (1 + -4) - 0?
4
Evaluate -3 - 13 - (-8 - -6) - -5.
-9
What is -9 - (0 + -3) - -1?
-5
What is -10 + -5 + 12 + -1 + -3?
-7
Calculate 6 + -9 + 2 + -1 + 5.
3
What is 9 + -7 - (1 - 1)?
2
What is the value of (-17 - (-15 + 1)) + 8?
5
What is -9 + 15 + -6 - -4?
4
-1 + (-3 - (3 + -2))
-5
Evaluate (0 + 8 - (12 - 9)) + -1.
4
Calculate (-1 - (-1 - -2)) + 23 + -17.
4
What is the value of -1 + 5 + 0 + 1 + -3?
2
Evaluate 4 - (-3 - (2 - 9)).
0
What is -1 - (0 + -6) - (7 + -1)?
-1
-2 - (1 + (2 - 0)) - -7
2
(10 - (-2 - -4)) + -17
-9
What is the value of (0 - 1) + (-1 - -6)?
4
What is 11 - (-2 + 12) - -3?
4
Calculate (-2 - -2) + (0 - 2) + 7.
5
Evaluate 5 + (-3 + -2 - (-15 + 9)).
6
1 - (11 + -4 + -2)
-4
What is (-3 - (4 + -10 + 2)) + -3?
-2
Calculate 1 + (0 - ((8 - 3) + -5)).
1
-4 + 3 + -1 + -1
-3
What is the value of -1 + (-5 + 3 - -3 - 2)?
-2
What is the value of -2 + 5 - (-3 - -10 - 3)?
-1
Evaluate 7 - ((6 - 2) + 6).
-3
Calculate (0 - 2) + 46 + -49 + 11.
6
2 + 5 + 0 + -12 - 3
-8
4 - ((2 - -1) + -3 - 0)
4
What is the value of (-9 - (3 - 11)) + 5?
4
0 + 5 - (-17 + 16)
6
Calculate 5 + -6 + (-1